{"id":1645,"date":"2024-07-17T14:20:09","date_gmt":"2024-07-17T12:20:09","guid":{"rendered":"https:\/\/panicfactory.fr\/?page_id=1645"},"modified":"2025-06-25T12:01:43","modified_gmt":"2025-06-25T10:01:43","slug":"tarifs-et-billetterie","status":"publish","type":"page","link":"https:\/\/panicfactory.fr\/index.php\/tarifs-et-billetterie\/","title":{"rendered":"Tarifs et billetterie"},"content":{"rendered":"\n<p class=\"has-text-align-center\">Panic Factory est une aventure qui se vit et se joue en \u00e9quipe ! <\/p>\n\n\n\n<p class=\"has-text-align-center\">Vous avez la possibilit\u00e9 de r\u00e9server de deux fa\u00e7ons :<\/p>\n\n\n\n<div class=\"wp-block-columns is-layout-flex wp-container-core-columns-is-layout-9d6595d7 wp-block-columns-is-layout-flex\">\n<div class=\"wp-block-column is-layout-flow wp-block-column-is-layout-flow\">\n<p class=\"has-text-align-center\"><\/p>\n<\/div>\n\n\n\n<div class=\"wp-block-column is-layout-flow wp-block-column-is-layout-flow\">\n<ul class=\"wp-block-list\">\n<li>En groupe de <strong>4<\/strong> \u00e0 <strong>8<\/strong> joueurs : l&rsquo;assurance de n&rsquo;\u00e9voluer qu&rsquo;avec votre \u00e9quipe d\u00e9j\u00e0 constitu\u00e9e en optant pour la <strong>formule<\/strong> <strong>\u00ab\u00a0<a href=\"https:\/\/www.helloasso.com\/associations\/folles-id\/evenements\/panic-factory-saison-4-regular-team-4-a-8-joueurs\">Regular Team<\/a>\u00a0\u00bb <\/strong><\/li>\n<\/ul>\n\n\n\n<p class=\"has-text-align-center\"><strong>Tarif : 25\u20ac \/ personne<\/strong><\/p>\n<\/div>\n\n\n\n<div class=\"wp-block-column is-layout-flow wp-block-column-is-layout-flow\">\n<ul class=\"wp-block-list\">\n<li><strong>Seul<\/strong> ou en petit groupe de <strong>2<\/strong> ou <strong>3<\/strong> joueurs : vous rejoindrez d&rsquo;autres joueurs pour former une \u00e9quipe mix\u00e9e avec la <strong>formule \u00ab\u00a0<a href=\"https:\/\/www.helloasso.com\/associations\/folles-id\/evenements\/panic-factory-saison-4-mix-team-1-a-3-joueurs\">Mix Team<\/a>\u00ab\u00a0<\/strong><\/li>\n<\/ul>\n\n\n\n<p class=\"has-text-align-center\"><strong>Tarif : 25\u20ac \/ personne<\/strong><\/p>\n<\/div>\n\n\n\n<div class=\"wp-block-column is-layout-flow wp-block-column-is-layout-flow\">\n<p class=\"has-text-align-center\"><\/p>\n<\/div>\n<\/div>\n\n\n\n<div class=\"wp-block-columns is-layout-flex wp-container-core-columns-is-layout-9d6595d7 wp-block-columns-is-layout-flex\">\n<div class=\"wp-block-column is-layout-flow wp-block-column-is-layout-flow\">\n<p class=\"has-text-align-center\"><\/p>\n<\/div>\n\n\n\n<div class=\"wp-block-column is-layout-flow wp-block-column-is-layout-flow\">\n<p><\/p>\n\n\n            <div class=\"oxi-addons-container noLightbox oxi-image-hover-wrapper-5 \" id=\"oxi-image-hover-wrapper-5\">\r\n                <div class=\"oxi-addons-row\">\r\n                                <div class=\"oxi-image-hover-style oxi-bt-col-lg-12 oxi-bt-col-md-12 oxi-bt-col-sm-12  \" sa-data-animation=\"zoomInLeft\" sa-data-animation-offset=\"100%\" sa-data-animation-delay=\"0ms\" sa-data-animation-duration=\"1000ms\">\r\n                <div class=\"oxi-image-hover-style-general\">\r\n                    <div class=\"oxi-image-hover oxi-image-general-hover oxi-image-general-hover-style-4 oxi-image-general-hover-5-5\">\r\n                                                    <a  href=\"https:\/\/www.helloasso.com\/associations\/folles-id\/evenements\/panic-factory-saison-4-regular-team-4-a-8-joueurs\" target=\"_blank\">\r\n                                                            <div class=\"oxi-image-hover-figure top_to_bottom\">\r\n                                <div class=\"oxi-image-hover-image\">\r\n                                    <img decoding=\"async\" src=\"https:\/\/panicfactory.fr\/wp-content\/uploads\/2025\/06\/PFS4_regular1.jpg\" >\r\n                                <\/div>\r\n                                <div class=\"oxi-image-hover-figure-caption\">\r\n                                    <div class=\"oxi-image-hover-caption-tab   image-hover-align-top-center\">\r\n                                                                                    <h3 class=\"oxi-image-hover-heading iheu-fade-left  \">Formule Regular Team<\/h3>\r\n                                                                                            <div class=\"oxi-image-hover-content iheu-fade-up \">Formule classique destin\u00e9e aux groupes d\u00e9j\u00e0 constitu\u00e9s de 4 \u00e0 8 joueurs. Vous r\u00e9alisez\u00a0l\u2019aventure uniquement avec les joueurs de l\u2019\u00e9quipe constitu\u00e9e lors de votre r\u00e9servation.<\/div>\r\n                                                                                <\/div>\r\n                                <\/div>\r\n                            <\/div>\r\n                                                        <\/a>\r\n                                                <\/div>\r\n                <\/div>             <\/div>\r\n                            <\/div>\r\n            <\/div>\r\n        \n<\/div>\n\n\n\n<div class=\"wp-block-column is-layout-flow wp-block-column-is-layout-flow\">\n<p class=\"has-text-align-center\"><\/p>\n\n\n            <div class=\"oxi-addons-container noLightbox oxi-image-hover-wrapper-4 \" id=\"oxi-image-hover-wrapper-4\">\r\n                <div class=\"oxi-addons-row\">\r\n                                <div class=\"oxi-image-hover-style oxi-bt-col-lg-12 oxi-bt-col-md-12 oxi-bt-col-sm-12  \" sa-data-animation=\"zoomInRight\" sa-data-animation-offset=\"100%\" sa-data-animation-delay=\"0ms\" sa-data-animation-duration=\"1000ms\">\r\n                <div class=\"oxi-image-hover-style-general\">\r\n                    <div class=\"oxi-image-hover oxi-image-general-hover oxi-image-general-hover-style-4 oxi-image-general-hover-4-4\">\r\n                                                    <a  href=\"https:\/\/www.helloasso.com\/associations\/folles-id\/evenements\/panic-factory-saison-4-mix-team-1-a-3-joueurs\" target=\"_blank\">\r\n                                                            <div class=\"oxi-image-hover-figure top_to_bottom\">\r\n                                <div class=\"oxi-image-hover-image\">\r\n                                    <img decoding=\"async\" src=\"https:\/\/panicfactory.fr\/wp-content\/uploads\/2025\/06\/PFS4_mix1.jpg\" >\r\n                                <\/div>\r\n                                <div class=\"oxi-image-hover-figure-caption\">\r\n                                    <div class=\"oxi-image-hover-caption-tab   image-hover-align-top-center\">\r\n                                                                                    <h3 class=\"oxi-image-hover-heading iheu-fade-right  \">Formule Mix Team<\/h3>\r\n                                                                                            <div class=\"oxi-image-hover-content iheu-fade-up \">Formule uniquement destin\u00e9e aux joueurs solo ou groupes de 2 \u00e0 3 personnes. Vous r\u00e9aliserez l\u2019aventure en formant une \u00e9quipe mixte et devrez collaborer avec d\u2019autres joueurs.<\/div>\r\n                                                                                <\/div>\r\n                                <\/div>\r\n                            <\/div>\r\n                                                        <\/a>\r\n                                                <\/div>\r\n                <\/div>             <\/div>\r\n                            <\/div>\r\n            <\/div>\r\n        \n<\/div>\n\n\n\n<div class=\"wp-block-column is-layout-flow wp-block-column-is-layout-flow\">\n<p class=\"has-text-align-center\"><\/p>\n<\/div>\n<\/div>\n\n\n\n<p><\/p>\n","protected":false},"excerpt":{"rendered":"<p>Panic Factory est une aventure qui se vit et se joue en \u00e9quipe ! Vous avez la possibilit\u00e9 de r\u00e9server de deux fa\u00e7ons : Tarif : 25\u20ac \/ personne Tarif : 25\u20ac \/ personne<\/p>\n","protected":false},"author":1,"featured_media":0,"parent":0,"menu_order":0,"comment_status":"closed","ping_status":"closed","template":"","meta":{"footnotes":""},"class_list":["post-1645","page","type-page","status-publish","hentry","no-thumb"],"yoast_head":"<!-- This site is optimized with the Yoast SEO plugin v21.0 - https:\/\/yoast.com\/wordpress\/plugins\/seo\/ -->\n<title>Tarifs et billetterie - Panic Factory<\/title>\n<meta name=\"robots\" content=\"index, follow, max-snippet:-1, max-image-preview:large, max-video-preview:-1\" \/>\n<link rel=\"canonical\" href=\"https:\/\/panicfactory.fr\/index.php\/tarifs-et-billetterie\/\" \/>\n<meta property=\"og:locale\" content=\"fr_FR\" \/>\n<meta property=\"og:type\" content=\"article\" \/>\n<meta property=\"og:title\" content=\"Tarifs et billetterie - Panic Factory\" \/>\n<meta property=\"og:description\" content=\"Panic Factory est une aventure qui se vit et se joue en \u00e9quipe ! Vous avez la possibilit\u00e9 de r\u00e9server de deux fa\u00e7ons : Tarif : 25\u20ac \/ personne Tarif : 25\u20ac \/ personne\" \/>\n<meta property=\"og:url\" content=\"https:\/\/panicfactory.fr\/index.php\/tarifs-et-billetterie\/\" \/>\n<meta property=\"og:site_name\" content=\"Panic Factory\" \/>\n<meta property=\"article:modified_time\" content=\"2025-06-25T10:01:43+00:00\" \/>\n<meta name=\"twitter:card\" content=\"summary_large_image\" \/>\n<meta name=\"twitter:label1\" content=\"Dur\u00e9e de lecture estim\u00e9e\" \/>\n\t<meta name=\"twitter:data1\" content=\"1 minute\" \/>\n<script type=\"application\/ld+json\" class=\"yoast-schema-graph\">{\"@context\":\"https:\/\/schema.org\",\"@graph\":[{\"@type\":\"WebPage\",\"@id\":\"https:\/\/panicfactory.fr\/index.php\/tarifs-et-billetterie\/\",\"url\":\"https:\/\/panicfactory.fr\/index.php\/tarifs-et-billetterie\/\",\"name\":\"Tarifs et billetterie - Panic Factory\",\"isPartOf\":{\"@id\":\"https:\/\/panicfactory.fr\/#website\"},\"datePublished\":\"2024-07-17T12:20:09+00:00\",\"dateModified\":\"2025-06-25T10:01:43+00:00\",\"breadcrumb\":{\"@id\":\"https:\/\/panicfactory.fr\/index.php\/tarifs-et-billetterie\/#breadcrumb\"},\"inLanguage\":\"fr-FR\",\"potentialAction\":[{\"@type\":\"ReadAction\",\"target\":[\"https:\/\/panicfactory.fr\/index.php\/tarifs-et-billetterie\/\"]}]},{\"@type\":\"BreadcrumbList\",\"@id\":\"https:\/\/panicfactory.fr\/index.php\/tarifs-et-billetterie\/#breadcrumb\",\"itemListElement\":[{\"@type\":\"ListItem\",\"position\":1,\"name\":\"Accueil\",\"item\":\"https:\/\/panicfactory.fr\/\"},{\"@type\":\"ListItem\",\"position\":2,\"name\":\"Tarifs et billetterie\"}]},{\"@type\":\"WebSite\",\"@id\":\"https:\/\/panicfactory.fr\/#website\",\"url\":\"https:\/\/panicfactory.fr\/\",\"name\":\"Panic Factory\",\"description\":\"Oserez-vous affronter vos peurs?\",\"publisher\":{\"@id\":\"https:\/\/panicfactory.fr\/#organization\"},\"potentialAction\":[{\"@type\":\"SearchAction\",\"target\":{\"@type\":\"EntryPoint\",\"urlTemplate\":\"https:\/\/panicfactory.fr\/?s={search_term_string}\"},\"query-input\":\"required name=search_term_string\"}],\"inLanguage\":\"fr-FR\"},{\"@type\":\"Organization\",\"@id\":\"https:\/\/panicfactory.fr\/#organization\",\"name\":\"Panic Factory\",\"url\":\"https:\/\/panicfactory.fr\/\",\"logo\":{\"@type\":\"ImageObject\",\"inLanguage\":\"fr-FR\",\"@id\":\"https:\/\/panicfactory.fr\/#\/schema\/logo\/image\/\",\"url\":\"https:\/\/panicfactory.fr\/wp-content\/uploads\/2025\/04\/cropped-PFS4_logo_mini-h150-01.png\",\"contentUrl\":\"https:\/\/panicfactory.fr\/wp-content\/uploads\/2025\/04\/cropped-PFS4_logo_mini-h150-01.png\",\"width\":192,\"height\":150,\"caption\":\"Panic Factory\"},\"image\":{\"@id\":\"https:\/\/panicfactory.fr\/#\/schema\/logo\/image\/\"}}]}<\/script>\n<!-- \/ Yoast SEO plugin. -->","yoast_head_json":{"title":"Tarifs et billetterie - Panic Factory","robots":{"index":"index","follow":"follow","max-snippet":"max-snippet:-1","max-image-preview":"max-image-preview:large","max-video-preview":"max-video-preview:-1"},"canonical":"https:\/\/panicfactory.fr\/index.php\/tarifs-et-billetterie\/","og_locale":"fr_FR","og_type":"article","og_title":"Tarifs et billetterie - Panic Factory","og_description":"Panic Factory est une aventure qui se vit et se joue en \u00e9quipe ! Vous avez la possibilit\u00e9 de r\u00e9server de deux fa\u00e7ons : Tarif : 25\u20ac \/ personne Tarif : 25\u20ac \/ personne","og_url":"https:\/\/panicfactory.fr\/index.php\/tarifs-et-billetterie\/","og_site_name":"Panic Factory","article_modified_time":"2025-06-25T10:01:43+00:00","twitter_card":"summary_large_image","twitter_misc":{"Dur\u00e9e de lecture estim\u00e9e":"1 minute"},"schema":{"@context":"https:\/\/schema.org","@graph":[{"@type":"WebPage","@id":"https:\/\/panicfactory.fr\/index.php\/tarifs-et-billetterie\/","url":"https:\/\/panicfactory.fr\/index.php\/tarifs-et-billetterie\/","name":"Tarifs et billetterie - Panic Factory","isPartOf":{"@id":"https:\/\/panicfactory.fr\/#website"},"datePublished":"2024-07-17T12:20:09+00:00","dateModified":"2025-06-25T10:01:43+00:00","breadcrumb":{"@id":"https:\/\/panicfactory.fr\/index.php\/tarifs-et-billetterie\/#breadcrumb"},"inLanguage":"fr-FR","potentialAction":[{"@type":"ReadAction","target":["https:\/\/panicfactory.fr\/index.php\/tarifs-et-billetterie\/"]}]},{"@type":"BreadcrumbList","@id":"https:\/\/panicfactory.fr\/index.php\/tarifs-et-billetterie\/#breadcrumb","itemListElement":[{"@type":"ListItem","position":1,"name":"Accueil","item":"https:\/\/panicfactory.fr\/"},{"@type":"ListItem","position":2,"name":"Tarifs et billetterie"}]},{"@type":"WebSite","@id":"https:\/\/panicfactory.fr\/#website","url":"https:\/\/panicfactory.fr\/","name":"Panic Factory","description":"Oserez-vous affronter vos peurs?","publisher":{"@id":"https:\/\/panicfactory.fr\/#organization"},"potentialAction":[{"@type":"SearchAction","target":{"@type":"EntryPoint","urlTemplate":"https:\/\/panicfactory.fr\/?s={search_term_string}"},"query-input":"required name=search_term_string"}],"inLanguage":"fr-FR"},{"@type":"Organization","@id":"https:\/\/panicfactory.fr\/#organization","name":"Panic Factory","url":"https:\/\/panicfactory.fr\/","logo":{"@type":"ImageObject","inLanguage":"fr-FR","@id":"https:\/\/panicfactory.fr\/#\/schema\/logo\/image\/","url":"https:\/\/panicfactory.fr\/wp-content\/uploads\/2025\/04\/cropped-PFS4_logo_mini-h150-01.png","contentUrl":"https:\/\/panicfactory.fr\/wp-content\/uploads\/2025\/04\/cropped-PFS4_logo_mini-h150-01.png","width":192,"height":150,"caption":"Panic Factory"},"image":{"@id":"https:\/\/panicfactory.fr\/#\/schema\/logo\/image\/"}}]}},"_links":{"self":[{"href":"https:\/\/panicfactory.fr\/index.php\/wp-json\/wp\/v2\/pages\/1645","targetHints":{"allow":["GET"]}}],"collection":[{"href":"https:\/\/panicfactory.fr\/index.php\/wp-json\/wp\/v2\/pages"}],"about":[{"href":"https:\/\/panicfactory.fr\/index.php\/wp-json\/wp\/v2\/types\/page"}],"author":[{"embeddable":true,"href":"https:\/\/panicfactory.fr\/index.php\/wp-json\/wp\/v2\/users\/1"}],"replies":[{"embeddable":true,"href":"https:\/\/panicfactory.fr\/index.php\/wp-json\/wp\/v2\/comments?post=1645"}],"version-history":[{"count":41,"href":"https:\/\/panicfactory.fr\/index.php\/wp-json\/wp\/v2\/pages\/1645\/revisions"}],"predecessor-version":[{"id":2329,"href":"https:\/\/panicfactory.fr\/index.php\/wp-json\/wp\/v2\/pages\/1645\/revisions\/2329"}],"wp:attachment":[{"href":"https:\/\/panicfactory.fr\/index.php\/wp-json\/wp\/v2\/media?parent=1645"}],"curies":[{"name":"wp","href":"https:\/\/api.w.org\/{rel}","templated":true}]}}