{"id":1701,"date":"2024-07-17T16:17:51","date_gmt":"2024-07-17T14:17:51","guid":{"rendered":"https:\/\/panicfactory.fr\/?page_id=1701"},"modified":"2024-07-17T17:04:34","modified_gmt":"2024-07-17T15:04:34","slug":"qui-peut-participer","status":"publish","type":"page","link":"https:\/\/panicfactory.fr\/index.php\/qui-peut-participer\/","title":{"rendered":"Qui peut participer ?"},"content":{"rendered":"\n<p class=\"has-text-align-center\">Panic Factory est interdit aux -16 ans.<br>Toute personne mineure (16-18 ans) devra \u00eatre accompagn\u00e9e d\u2019un adulte.<\/p>\n\n\n\n<p class=\"has-text-align-center\">Panic Factory est interdite aux femmes enceintes.<br>Veuillez consid\u00e9rer qu\u2019il est interdit d\u2019emporter des animaux<\/p>\n\n\n\n<div class=\"wp-block-group is-content-justification-center is-nowrap is-layout-flex wp-container-core-group-is-layout-94bc23d7 wp-block-group-is-layout-flex\">\n<figure class=\"wp-block-image size-large is-resized\"><img loading=\"lazy\" decoding=\"async\" width=\"1024\" height=\"1024\" src=\"https:\/\/panicfactory.fr\/wp-content\/uploads\/2022\/07\/PF_Icon_-18-1-1024x1024.png\" alt=\"\" class=\"wp-image-146\" style=\"width:75px\" srcset=\"https:\/\/panicfactory.fr\/wp-content\/uploads\/2022\/07\/PF_Icon_-18-1-1024x1024.png 1024w, https:\/\/panicfactory.fr\/wp-content\/uploads\/2022\/07\/PF_Icon_-18-1-300x300.png 300w, https:\/\/panicfactory.fr\/wp-content\/uploads\/2022\/07\/PF_Icon_-18-1-150x150.png 150w, https:\/\/panicfactory.fr\/wp-content\/uploads\/2022\/07\/PF_Icon_-18-1-768x768.png 768w, https:\/\/panicfactory.fr\/wp-content\/uploads\/2022\/07\/PF_Icon_-18-1.png 1181w\" sizes=\"auto, (max-width: 1024px) 100vw, 1024px\" \/><\/figure>\n\n\n\n<figure class=\"wp-block-image size-large is-resized\"><img loading=\"lazy\" decoding=\"async\" width=\"1024\" height=\"1024\" src=\"https:\/\/panicfactory.fr\/wp-content\/uploads\/2022\/07\/PF_Icon_16-1-1024x1024.png\" alt=\"\" class=\"wp-image-50\" style=\"width:75px\" srcset=\"https:\/\/panicfactory.fr\/wp-content\/uploads\/2022\/07\/PF_Icon_16-1-1024x1024.png 1024w, https:\/\/panicfactory.fr\/wp-content\/uploads\/2022\/07\/PF_Icon_16-1-300x300.png 300w, https:\/\/panicfactory.fr\/wp-content\/uploads\/2022\/07\/PF_Icon_16-1-150x150.png 150w, https:\/\/panicfactory.fr\/wp-content\/uploads\/2022\/07\/PF_Icon_16-1-768x768.png 768w, https:\/\/panicfactory.fr\/wp-content\/uploads\/2022\/07\/PF_Icon_16-1.png 1181w\" sizes=\"auto, (max-width: 1024px) 100vw, 1024px\" \/><\/figure>\n\n\n\n<figure class=\"wp-block-image size-large is-resized\"><img loading=\"lazy\" decoding=\"async\" width=\"1024\" height=\"1024\" src=\"https:\/\/panicfactory.fr\/wp-content\/uploads\/2022\/07\/PF_Icon_femmes_enceintes-1024x1024.png\" alt=\"\" class=\"wp-image-68\" style=\"width:75px\" srcset=\"https:\/\/panicfactory.fr\/wp-content\/uploads\/2022\/07\/PF_Icon_femmes_enceintes-1024x1024.png 1024w, https:\/\/panicfactory.fr\/wp-content\/uploads\/2022\/07\/PF_Icon_femmes_enceintes-300x300.png 300w, https:\/\/panicfactory.fr\/wp-content\/uploads\/2022\/07\/PF_Icon_femmes_enceintes-150x150.png 150w, https:\/\/panicfactory.fr\/wp-content\/uploads\/2022\/07\/PF_Icon_femmes_enceintes-768x768.png 768w, https:\/\/panicfactory.fr\/wp-content\/uploads\/2022\/07\/PF_Icon_femmes_enceintes.png 1181w\" sizes=\"auto, (max-width: 1024px) 100vw, 1024px\" \/><\/figure>\n\n\n\n<figure class=\"wp-block-image size-large is-resized\"><img loading=\"lazy\" decoding=\"async\" width=\"1024\" height=\"1024\" src=\"https:\/\/panicfactory.fr\/wp-content\/uploads\/2022\/07\/PF_Icon_animaux-1024x1024.png\" alt=\"\" class=\"wp-image-53\" style=\"width:75px\" srcset=\"https:\/\/panicfactory.fr\/wp-content\/uploads\/2022\/07\/PF_Icon_animaux-1024x1024.png 1024w, https:\/\/panicfactory.fr\/wp-content\/uploads\/2022\/07\/PF_Icon_animaux-300x300.png 300w, https:\/\/panicfactory.fr\/wp-content\/uploads\/2022\/07\/PF_Icon_animaux-150x150.png 150w, https:\/\/panicfactory.fr\/wp-content\/uploads\/2022\/07\/PF_Icon_animaux-768x768.png 768w, https:\/\/panicfactory.fr\/wp-content\/uploads\/2022\/07\/PF_Icon_animaux.png 1181w\" sizes=\"auto, (max-width: 1024px) 100vw, 1024px\" \/><\/figure>\n<\/div>\n\n\n\n<p><\/p>\n\n\n\n<p><\/p>\n\n\n\n<p class=\"has-text-align-center\">Nous disposons d&rsquo;un parcours adapt\u00e9 pour les personnes \u00e0 mobilit\u00e9 r\u00e9duite.<\/p>\n\n\n\n<p class=\"has-text-align-center\">Les chiens-guides d&rsquo;aveugles sont bien entendu les bienvenus !<\/p>\n\n\n\n<div class=\"wp-block-group is-content-justification-center is-nowrap is-layout-flex wp-container-core-group-is-layout-94bc23d7 wp-block-group-is-layout-flex\">\n<figure class=\"wp-block-image size-large is-resized\"><img loading=\"lazy\" decoding=\"async\" width=\"1024\" height=\"1024\" src=\"https:\/\/panicfactory.fr\/wp-content\/uploads\/2022\/07\/PF_Icon_fauteuil-1024x1024.png\" alt=\"\" class=\"wp-image-67\" style=\"width:75px\" srcset=\"https:\/\/panicfactory.fr\/wp-content\/uploads\/2022\/07\/PF_Icon_fauteuil-1024x1024.png 1024w, https:\/\/panicfactory.fr\/wp-content\/uploads\/2022\/07\/PF_Icon_fauteuil-300x300.png 300w, https:\/\/panicfactory.fr\/wp-content\/uploads\/2022\/07\/PF_Icon_fauteuil-150x150.png 150w, https:\/\/panicfactory.fr\/wp-content\/uploads\/2022\/07\/PF_Icon_fauteuil-768x768.png 768w, https:\/\/panicfactory.fr\/wp-content\/uploads\/2022\/07\/PF_Icon_fauteuil.png 1181w\" sizes=\"auto, (max-width: 1024px) 100vw, 1024px\" \/><\/figure>\n\n\n\n<figure class=\"wp-block-image size-large is-resized\"><img loading=\"lazy\" decoding=\"async\" width=\"1024\" height=\"1024\" src=\"https:\/\/panicfactory.fr\/wp-content\/uploads\/2022\/07\/PF_Icon_chien_aveugle-1024x1024.png\" alt=\"\" class=\"wp-image-59\" style=\"width:75px\" srcset=\"https:\/\/panicfactory.fr\/wp-content\/uploads\/2022\/07\/PF_Icon_chien_aveugle-1024x1024.png 1024w, https:\/\/panicfactory.fr\/wp-content\/uploads\/2022\/07\/PF_Icon_chien_aveugle-300x300.png 300w, https:\/\/panicfactory.fr\/wp-content\/uploads\/2022\/07\/PF_Icon_chien_aveugle-150x150.png 150w, https:\/\/panicfactory.fr\/wp-content\/uploads\/2022\/07\/PF_Icon_chien_aveugle-768x768.png 768w, https:\/\/panicfactory.fr\/wp-content\/uploads\/2022\/07\/PF_Icon_chien_aveugle.png 1181w\" sizes=\"auto, (max-width: 1024px) 100vw, 1024px\" \/><\/figure>\n<\/div>\n\n\n\n<p><\/p>\n\n\n\n<p class=\"has-text-align-center\">D\u2019une mani\u00e8re g\u00e9n\u00e9rale, Panic Factory est d\u00e9conseill\u00e9 \u00e0 toutes les personnes souffrant de probl\u00e8mes cardiaques, <\/p>\n\n\n\n<p class=\"has-text-align-center\">de probl\u00e8mes de dos ou de tout autre probl\u00e8me de sant\u00e9 qui pourrait s\u2019aggraver avec l\u2019exp\u00e9rience.<\/p>\n\n\n\n<div class=\"wp-block-group is-content-justification-center is-nowrap is-layout-flex wp-container-core-group-is-layout-94bc23d7 wp-block-group-is-layout-flex\">\n<figure class=\"wp-block-image size-large is-resized\"><img loading=\"lazy\" decoding=\"async\" width=\"1024\" height=\"1024\" src=\"https:\/\/panicfactory.fr\/wp-content\/uploads\/2022\/07\/PF_Icon_epilepsy-1024x1024.png\" alt=\"\" class=\"wp-image-66\" style=\"width:75px\" srcset=\"https:\/\/panicfactory.fr\/wp-content\/uploads\/2022\/07\/PF_Icon_epilepsy-1024x1024.png 1024w, https:\/\/panicfactory.fr\/wp-content\/uploads\/2022\/07\/PF_Icon_epilepsy-300x300.png 300w, https:\/\/panicfactory.fr\/wp-content\/uploads\/2022\/07\/PF_Icon_epilepsy-150x150.png 150w, https:\/\/panicfactory.fr\/wp-content\/uploads\/2022\/07\/PF_Icon_epilepsy-768x768.png 768w, https:\/\/panicfactory.fr\/wp-content\/uploads\/2022\/07\/PF_Icon_epilepsy.png 1181w\" sizes=\"auto, (max-width: 1024px) 100vw, 1024px\" \/><\/figure>\n\n\n\n<figure class=\"wp-block-image size-large is-resized\"><img loading=\"lazy\" decoding=\"async\" width=\"1024\" height=\"1024\" src=\"https:\/\/panicfactory.fr\/wp-content\/uploads\/2022\/07\/PF_Icon_dos-1024x1024.png\" alt=\"\" class=\"wp-image-65\" style=\"width:75px\" srcset=\"https:\/\/panicfactory.fr\/wp-content\/uploads\/2022\/07\/PF_Icon_dos-1024x1024.png 1024w, https:\/\/panicfactory.fr\/wp-content\/uploads\/2022\/07\/PF_Icon_dos-300x300.png 300w, https:\/\/panicfactory.fr\/wp-content\/uploads\/2022\/07\/PF_Icon_dos-150x150.png 150w, https:\/\/panicfactory.fr\/wp-content\/uploads\/2022\/07\/PF_Icon_dos-768x768.png 768w, https:\/\/panicfactory.fr\/wp-content\/uploads\/2022\/07\/PF_Icon_dos.png 1181w\" sizes=\"auto, (max-width: 1024px) 100vw, 1024px\" \/><\/figure>\n\n\n\n<figure class=\"wp-block-image size-large is-resized\"><img loading=\"lazy\" decoding=\"async\" width=\"1024\" height=\"1024\" src=\"https:\/\/panicfactory.fr\/wp-content\/uploads\/2022\/07\/PF_Icon_cardiaques-1024x1024.png\" alt=\"\" class=\"wp-image-57\" style=\"width:75px\" srcset=\"https:\/\/panicfactory.fr\/wp-content\/uploads\/2022\/07\/PF_Icon_cardiaques-1024x1024.png 1024w, https:\/\/panicfactory.fr\/wp-content\/uploads\/2022\/07\/PF_Icon_cardiaques-300x300.png 300w, https:\/\/panicfactory.fr\/wp-content\/uploads\/2022\/07\/PF_Icon_cardiaques-150x150.png 150w, https:\/\/panicfactory.fr\/wp-content\/uploads\/2022\/07\/PF_Icon_cardiaques-768x768.png 768w, https:\/\/panicfactory.fr\/wp-content\/uploads\/2022\/07\/PF_Icon_cardiaques.png 1181w\" sizes=\"auto, (max-width: 1024px) 100vw, 1024px\" \/><\/figure>\n<\/div>\n","protected":false},"excerpt":{"rendered":"<p>Panic Factory est interdit aux -16 ans.Toute personne mineure (16-18 ans) devra \u00eatre accompagn\u00e9e d\u2019un adulte. Panic Factory est interdite aux femmes enceintes.Veuillez consid\u00e9rer qu\u2019il est interdit d\u2019emporter des animaux Nous disposons d&rsquo;un parcours adapt\u00e9 pour les personnes \u00e0 mobilit\u00e9 r\u00e9duite. Les chiens-guides d&rsquo;aveugles sont bien entendu les bienvenus ! D\u2019une mani\u00e8re g\u00e9n\u00e9rale, Panic FactoryLire la suite &rarr;<\/p>\n","protected":false},"author":1,"featured_media":0,"parent":0,"menu_order":0,"comment_status":"closed","ping_status":"closed","template":"","meta":{"footnotes":""},"class_list":["post-1701","page","type-page","status-publish","hentry","no-thumb"],"yoast_head":"<!-- This site is optimized with the Yoast SEO plugin v21.0 - https:\/\/yoast.com\/wordpress\/plugins\/seo\/ -->\n<title>Qui peut participer ? - Panic Factory<\/title>\n<meta name=\"robots\" content=\"index, follow, max-snippet:-1, max-image-preview:large, max-video-preview:-1\" \/>\n<link rel=\"canonical\" href=\"https:\/\/panicfactory.fr\/index.php\/qui-peut-participer\/\" \/>\n<meta property=\"og:locale\" content=\"fr_FR\" \/>\n<meta property=\"og:type\" content=\"article\" \/>\n<meta property=\"og:title\" content=\"Qui peut participer ? - Panic Factory\" \/>\n<meta property=\"og:description\" content=\"Panic Factory est interdit aux -16 ans.Toute personne mineure (16-18 ans) devra \u00eatre accompagn\u00e9e d\u2019un adulte. Panic Factory est interdite aux femmes enceintes.Veuillez consid\u00e9rer qu\u2019il est interdit d\u2019emporter des animaux Nous disposons d&rsquo;un parcours adapt\u00e9 pour les personnes \u00e0 mobilit\u00e9 r\u00e9duite. Les chiens-guides d&rsquo;aveugles sont bien entendu les bienvenus ! D\u2019une mani\u00e8re g\u00e9n\u00e9rale, Panic FactoryLire la suite &rarr;\" \/>\n<meta property=\"og:url\" content=\"https:\/\/panicfactory.fr\/index.php\/qui-peut-participer\/\" \/>\n<meta property=\"og:site_name\" content=\"Panic Factory\" \/>\n<meta property=\"article:modified_time\" content=\"2024-07-17T15:04:34+00:00\" \/>\n<meta property=\"og:image\" content=\"https:\/\/panicfactory.fr\/wp-content\/uploads\/2022\/07\/PF_Icon_-18-1-1024x1024.png\" \/>\n<meta name=\"twitter:card\" content=\"summary_large_image\" \/>\n<meta name=\"twitter:label1\" content=\"Dur\u00e9e de lecture estim\u00e9e\" \/>\n\t<meta name=\"twitter:data1\" content=\"3 minutes\" \/>\n<script type=\"application\/ld+json\" class=\"yoast-schema-graph\">{\"@context\":\"https:\/\/schema.org\",\"@graph\":[{\"@type\":\"WebPage\",\"@id\":\"https:\/\/panicfactory.fr\/index.php\/qui-peut-participer\/\",\"url\":\"https:\/\/panicfactory.fr\/index.php\/qui-peut-participer\/\",\"name\":\"Qui peut participer ? - Panic Factory\",\"isPartOf\":{\"@id\":\"https:\/\/panicfactory.fr\/#website\"},\"datePublished\":\"2024-07-17T14:17:51+00:00\",\"dateModified\":\"2024-07-17T15:04:34+00:00\",\"breadcrumb\":{\"@id\":\"https:\/\/panicfactory.fr\/index.php\/qui-peut-participer\/#breadcrumb\"},\"inLanguage\":\"fr-FR\",\"potentialAction\":[{\"@type\":\"ReadAction\",\"target\":[\"https:\/\/panicfactory.fr\/index.php\/qui-peut-participer\/\"]}]},{\"@type\":\"BreadcrumbList\",\"@id\":\"https:\/\/panicfactory.fr\/index.php\/qui-peut-participer\/#breadcrumb\",\"itemListElement\":[{\"@type\":\"ListItem\",\"position\":1,\"name\":\"Accueil\",\"item\":\"https:\/\/panicfactory.fr\/\"},{\"@type\":\"ListItem\",\"position\":2,\"name\":\"Qui peut participer ?\"}]},{\"@type\":\"WebSite\",\"@id\":\"https:\/\/panicfactory.fr\/#website\",\"url\":\"https:\/\/panicfactory.fr\/\",\"name\":\"Panic Factory\",\"description\":\"Oserez-vous affronter vos peurs?\",\"publisher\":{\"@id\":\"https:\/\/panicfactory.fr\/#organization\"},\"potentialAction\":[{\"@type\":\"SearchAction\",\"target\":{\"@type\":\"EntryPoint\",\"urlTemplate\":\"https:\/\/panicfactory.fr\/?s={search_term_string}\"},\"query-input\":\"required name=search_term_string\"}],\"inLanguage\":\"fr-FR\"},{\"@type\":\"Organization\",\"@id\":\"https:\/\/panicfactory.fr\/#organization\",\"name\":\"Panic Factory\",\"url\":\"https:\/\/panicfactory.fr\/\",\"logo\":{\"@type\":\"ImageObject\",\"inLanguage\":\"fr-FR\",\"@id\":\"https:\/\/panicfactory.fr\/#\/schema\/logo\/image\/\",\"url\":\"https:\/\/panicfactory.fr\/wp-content\/uploads\/2025\/04\/cropped-PFS4_logo_mini-h150-01.png\",\"contentUrl\":\"https:\/\/panicfactory.fr\/wp-content\/uploads\/2025\/04\/cropped-PFS4_logo_mini-h150-01.png\",\"width\":192,\"height\":150,\"caption\":\"Panic Factory\"},\"image\":{\"@id\":\"https:\/\/panicfactory.fr\/#\/schema\/logo\/image\/\"}}]}<\/script>\n<!-- \/ Yoast SEO plugin. -->","yoast_head_json":{"title":"Qui peut participer ? - Panic Factory","robots":{"index":"index","follow":"follow","max-snippet":"max-snippet:-1","max-image-preview":"max-image-preview:large","max-video-preview":"max-video-preview:-1"},"canonical":"https:\/\/panicfactory.fr\/index.php\/qui-peut-participer\/","og_locale":"fr_FR","og_type":"article","og_title":"Qui peut participer ? - Panic Factory","og_description":"Panic Factory est interdit aux -16 ans.Toute personne mineure (16-18 ans) devra \u00eatre accompagn\u00e9e d\u2019un adulte. Panic Factory est interdite aux femmes enceintes.Veuillez consid\u00e9rer qu\u2019il est interdit d\u2019emporter des animaux Nous disposons d&rsquo;un parcours adapt\u00e9 pour les personnes \u00e0 mobilit\u00e9 r\u00e9duite. Les chiens-guides d&rsquo;aveugles sont bien entendu les bienvenus ! D\u2019une mani\u00e8re g\u00e9n\u00e9rale, Panic FactoryLire la suite &rarr;","og_url":"https:\/\/panicfactory.fr\/index.php\/qui-peut-participer\/","og_site_name":"Panic Factory","article_modified_time":"2024-07-17T15:04:34+00:00","og_image":[{"url":"https:\/\/panicfactory.fr\/wp-content\/uploads\/2022\/07\/PF_Icon_-18-1-1024x1024.png"}],"twitter_card":"summary_large_image","twitter_misc":{"Dur\u00e9e de lecture estim\u00e9e":"3 minutes"},"schema":{"@context":"https:\/\/schema.org","@graph":[{"@type":"WebPage","@id":"https:\/\/panicfactory.fr\/index.php\/qui-peut-participer\/","url":"https:\/\/panicfactory.fr\/index.php\/qui-peut-participer\/","name":"Qui peut participer ? - Panic Factory","isPartOf":{"@id":"https:\/\/panicfactory.fr\/#website"},"datePublished":"2024-07-17T14:17:51+00:00","dateModified":"2024-07-17T15:04:34+00:00","breadcrumb":{"@id":"https:\/\/panicfactory.fr\/index.php\/qui-peut-participer\/#breadcrumb"},"inLanguage":"fr-FR","potentialAction":[{"@type":"ReadAction","target":["https:\/\/panicfactory.fr\/index.php\/qui-peut-participer\/"]}]},{"@type":"BreadcrumbList","@id":"https:\/\/panicfactory.fr\/index.php\/qui-peut-participer\/#breadcrumb","itemListElement":[{"@type":"ListItem","position":1,"name":"Accueil","item":"https:\/\/panicfactory.fr\/"},{"@type":"ListItem","position":2,"name":"Qui peut participer ?"}]},{"@type":"WebSite","@id":"https:\/\/panicfactory.fr\/#website","url":"https:\/\/panicfactory.fr\/","name":"Panic Factory","description":"Oserez-vous affronter vos peurs?","publisher":{"@id":"https:\/\/panicfactory.fr\/#organization"},"potentialAction":[{"@type":"SearchAction","target":{"@type":"EntryPoint","urlTemplate":"https:\/\/panicfactory.fr\/?s={search_term_string}"},"query-input":"required name=search_term_string"}],"inLanguage":"fr-FR"},{"@type":"Organization","@id":"https:\/\/panicfactory.fr\/#organization","name":"Panic Factory","url":"https:\/\/panicfactory.fr\/","logo":{"@type":"ImageObject","inLanguage":"fr-FR","@id":"https:\/\/panicfactory.fr\/#\/schema\/logo\/image\/","url":"https:\/\/panicfactory.fr\/wp-content\/uploads\/2025\/04\/cropped-PFS4_logo_mini-h150-01.png","contentUrl":"https:\/\/panicfactory.fr\/wp-content\/uploads\/2025\/04\/cropped-PFS4_logo_mini-h150-01.png","width":192,"height":150,"caption":"Panic Factory"},"image":{"@id":"https:\/\/panicfactory.fr\/#\/schema\/logo\/image\/"}}]}},"_links":{"self":[{"href":"https:\/\/panicfactory.fr\/index.php\/wp-json\/wp\/v2\/pages\/1701","targetHints":{"allow":["GET"]}}],"collection":[{"href":"https:\/\/panicfactory.fr\/index.php\/wp-json\/wp\/v2\/pages"}],"about":[{"href":"https:\/\/panicfactory.fr\/index.php\/wp-json\/wp\/v2\/types\/page"}],"author":[{"embeddable":true,"href":"https:\/\/panicfactory.fr\/index.php\/wp-json\/wp\/v2\/users\/1"}],"replies":[{"embeddable":true,"href":"https:\/\/panicfactory.fr\/index.php\/wp-json\/wp\/v2\/comments?post=1701"}],"version-history":[{"count":27,"href":"https:\/\/panicfactory.fr\/index.php\/wp-json\/wp\/v2\/pages\/1701\/revisions"}],"predecessor-version":[{"id":1741,"href":"https:\/\/panicfactory.fr\/index.php\/wp-json\/wp\/v2\/pages\/1701\/revisions\/1741"}],"wp:attachment":[{"href":"https:\/\/panicfactory.fr\/index.php\/wp-json\/wp\/v2\/media?parent=1701"}],"curies":[{"name":"wp","href":"https:\/\/api.w.org\/{rel}","templated":true}]}}