{"id":228,"date":"2022-07-20T08:28:08","date_gmt":"2022-07-20T06:28:08","guid":{"rendered":"http:\/\/ltqcgqs.cluster030.hosting.ovh.net\/?page_id=228"},"modified":"2025-08-19T12:26:39","modified_gmt":"2025-08-19T10:26:39","slug":"plan-dacces","status":"publish","type":"page","link":"https:\/\/panicfactory.fr\/index.php\/infos-pratiques\/plan-dacces\/","title":{"rendered":"Plan d&rsquo;acc\u00e8s"},"content":{"rendered":"\n<p class=\"has-text-align-center\">Panic Factroy &#8211; Rue Godofredo Perez 67370 TRUCHTERSHEIM (derri\u00e8re le terrain de foot)<\/p>\n\n\n\n<div class=\"wp-block-columns is-layout-flex wp-container-core-columns-is-layout-9d6595d7 wp-block-columns-is-layout-flex\">\n<div class=\"wp-block-column is-layout-flow wp-block-column-is-layout-flow\">\n<h2 class=\"wp-block-heading has-text-align-center\">Plans d&rsquo;acc\u00e8s<\/h2>\n\n\n<div class=\"wp-block-image\">\n<figure class=\"aligncenter size-large\"><a href=\"https:\/\/panicfactory.fr\/wp-content\/uploads\/2025\/08\/PFS4-Plan_Acces.jpg\"><img loading=\"lazy\" decoding=\"async\" width=\"965\" height=\"1024\" src=\"https:\/\/panicfactory.fr\/wp-content\/uploads\/2025\/08\/PFS4-Plan_Acces-965x1024.jpg\" alt=\"\" class=\"wp-image-2398\" srcset=\"https:\/\/panicfactory.fr\/wp-content\/uploads\/2025\/08\/PFS4-Plan_Acces-965x1024.jpg 965w, https:\/\/panicfactory.fr\/wp-content\/uploads\/2025\/08\/PFS4-Plan_Acces-283x300.jpg 283w, https:\/\/panicfactory.fr\/wp-content\/uploads\/2025\/08\/PFS4-Plan_Acces-768x815.jpg 768w, https:\/\/panicfactory.fr\/wp-content\/uploads\/2025\/08\/PFS4-Plan_Acces-1447x1536.jpg 1447w, https:\/\/panicfactory.fr\/wp-content\/uploads\/2025\/08\/PFS4-Plan_Acces-1929x2048.jpg 1929w\" sizes=\"auto, (max-width: 965px) 100vw, 965px\" \/><\/a><\/figure>\n<\/div><\/div>\n<\/div>\n","protected":false},"excerpt":{"rendered":"<p>Panic Factroy &#8211; Rue Godofredo Perez 67370 TRUCHTERSHEIM (derri\u00e8re le terrain de foot) Plans d&rsquo;acc\u00e8s<\/p>\n","protected":false},"author":1,"featured_media":0,"parent":215,"menu_order":0,"comment_status":"closed","ping_status":"closed","template":"","meta":{"footnotes":""},"class_list":["post-228","page","type-page","status-publish","hentry","no-thumb"],"yoast_head":"<!-- This site is optimized with the Yoast SEO plugin v21.0 - https:\/\/yoast.com\/wordpress\/plugins\/seo\/ -->\n<title>Plan d&#039;acc\u00e8s - Panic Factory<\/title>\n<meta name=\"robots\" content=\"index, follow, max-snippet:-1, max-image-preview:large, max-video-preview:-1\" \/>\n<link rel=\"canonical\" href=\"https:\/\/panicfactory.fr\/index.php\/infos-pratiques\/plan-dacces\/\" \/>\n<meta property=\"og:locale\" content=\"fr_FR\" \/>\n<meta property=\"og:type\" content=\"article\" \/>\n<meta property=\"og:title\" content=\"Plan d&#039;acc\u00e8s - Panic Factory\" \/>\n<meta property=\"og:description\" content=\"Panic Factroy &#8211; Rue Godofredo Perez 67370 TRUCHTERSHEIM (derri\u00e8re le terrain de foot) Plans d&rsquo;acc\u00e8s\" \/>\n<meta property=\"og:url\" content=\"https:\/\/panicfactory.fr\/index.php\/infos-pratiques\/plan-dacces\/\" \/>\n<meta property=\"og:site_name\" content=\"Panic Factory\" \/>\n<meta property=\"article:modified_time\" content=\"2025-08-19T10:26:39+00:00\" \/>\n<meta property=\"og:image\" content=\"https:\/\/panicfactory.fr\/wp-content\/uploads\/2025\/08\/PFS4-Plan_Acces-965x1024.jpg\" \/>\n<meta name=\"twitter:card\" content=\"summary_large_image\" \/>\n<meta name=\"twitter:label1\" content=\"Dur\u00e9e de lecture estim\u00e9e\" \/>\n\t<meta name=\"twitter:data1\" content=\"1 minute\" \/>\n<script type=\"application\/ld+json\" class=\"yoast-schema-graph\">{\"@context\":\"https:\/\/schema.org\",\"@graph\":[{\"@type\":\"WebPage\",\"@id\":\"https:\/\/panicfactory.fr\/index.php\/infos-pratiques\/plan-dacces\/\",\"url\":\"https:\/\/panicfactory.fr\/index.php\/infos-pratiques\/plan-dacces\/\",\"name\":\"Plan d'acc\u00e8s - Panic Factory\",\"isPartOf\":{\"@id\":\"https:\/\/panicfactory.fr\/#website\"},\"datePublished\":\"2022-07-20T06:28:08+00:00\",\"dateModified\":\"2025-08-19T10:26:39+00:00\",\"breadcrumb\":{\"@id\":\"https:\/\/panicfactory.fr\/index.php\/infos-pratiques\/plan-dacces\/#breadcrumb\"},\"inLanguage\":\"fr-FR\",\"potentialAction\":[{\"@type\":\"ReadAction\",\"target\":[\"https:\/\/panicfactory.fr\/index.php\/infos-pratiques\/plan-dacces\/\"]}]},{\"@type\":\"BreadcrumbList\",\"@id\":\"https:\/\/panicfactory.fr\/index.php\/infos-pratiques\/plan-dacces\/#breadcrumb\",\"itemListElement\":[{\"@type\":\"ListItem\",\"position\":1,\"name\":\"Accueil\",\"item\":\"https:\/\/panicfactory.fr\/\"},{\"@type\":\"ListItem\",\"position\":2,\"name\":\"Infos pratiques\",\"item\":\"https:\/\/panicfactory.fr\/index.php\/infos-pratiques\/\"},{\"@type\":\"ListItem\",\"position\":3,\"name\":\"Plan d&rsquo;acc\u00e8s\"}]},{\"@type\":\"WebSite\",\"@id\":\"https:\/\/panicfactory.fr\/#website\",\"url\":\"https:\/\/panicfactory.fr\/\",\"name\":\"Panic Factory\",\"description\":\"Oserez-vous affronter vos peurs?\",\"publisher\":{\"@id\":\"https:\/\/panicfactory.fr\/#organization\"},\"potentialAction\":[{\"@type\":\"SearchAction\",\"target\":{\"@type\":\"EntryPoint\",\"urlTemplate\":\"https:\/\/panicfactory.fr\/?s={search_term_string}\"},\"query-input\":\"required name=search_term_string\"}],\"inLanguage\":\"fr-FR\"},{\"@type\":\"Organization\",\"@id\":\"https:\/\/panicfactory.fr\/#organization\",\"name\":\"Panic Factory\",\"url\":\"https:\/\/panicfactory.fr\/\",\"logo\":{\"@type\":\"ImageObject\",\"inLanguage\":\"fr-FR\",\"@id\":\"https:\/\/panicfactory.fr\/#\/schema\/logo\/image\/\",\"url\":\"https:\/\/panicfactory.fr\/wp-content\/uploads\/2025\/04\/cropped-PFS4_logo_mini-h150-01.png\",\"contentUrl\":\"https:\/\/panicfactory.fr\/wp-content\/uploads\/2025\/04\/cropped-PFS4_logo_mini-h150-01.png\",\"width\":192,\"height\":150,\"caption\":\"Panic Factory\"},\"image\":{\"@id\":\"https:\/\/panicfactory.fr\/#\/schema\/logo\/image\/\"}}]}<\/script>\n<!-- \/ Yoast SEO plugin. -->","yoast_head_json":{"title":"Plan d'acc\u00e8s - Panic Factory","robots":{"index":"index","follow":"follow","max-snippet":"max-snippet:-1","max-image-preview":"max-image-preview:large","max-video-preview":"max-video-preview:-1"},"canonical":"https:\/\/panicfactory.fr\/index.php\/infos-pratiques\/plan-dacces\/","og_locale":"fr_FR","og_type":"article","og_title":"Plan d'acc\u00e8s - Panic Factory","og_description":"Panic Factroy &#8211; Rue Godofredo Perez 67370 TRUCHTERSHEIM (derri\u00e8re le terrain de foot) Plans d&rsquo;acc\u00e8s","og_url":"https:\/\/panicfactory.fr\/index.php\/infos-pratiques\/plan-dacces\/","og_site_name":"Panic Factory","article_modified_time":"2025-08-19T10:26:39+00:00","og_image":[{"url":"https:\/\/panicfactory.fr\/wp-content\/uploads\/2025\/08\/PFS4-Plan_Acces-965x1024.jpg"}],"twitter_card":"summary_large_image","twitter_misc":{"Dur\u00e9e de lecture estim\u00e9e":"1 minute"},"schema":{"@context":"https:\/\/schema.org","@graph":[{"@type":"WebPage","@id":"https:\/\/panicfactory.fr\/index.php\/infos-pratiques\/plan-dacces\/","url":"https:\/\/panicfactory.fr\/index.php\/infos-pratiques\/plan-dacces\/","name":"Plan d'acc\u00e8s - Panic Factory","isPartOf":{"@id":"https:\/\/panicfactory.fr\/#website"},"datePublished":"2022-07-20T06:28:08+00:00","dateModified":"2025-08-19T10:26:39+00:00","breadcrumb":{"@id":"https:\/\/panicfactory.fr\/index.php\/infos-pratiques\/plan-dacces\/#breadcrumb"},"inLanguage":"fr-FR","potentialAction":[{"@type":"ReadAction","target":["https:\/\/panicfactory.fr\/index.php\/infos-pratiques\/plan-dacces\/"]}]},{"@type":"BreadcrumbList","@id":"https:\/\/panicfactory.fr\/index.php\/infos-pratiques\/plan-dacces\/#breadcrumb","itemListElement":[{"@type":"ListItem","position":1,"name":"Accueil","item":"https:\/\/panicfactory.fr\/"},{"@type":"ListItem","position":2,"name":"Infos pratiques","item":"https:\/\/panicfactory.fr\/index.php\/infos-pratiques\/"},{"@type":"ListItem","position":3,"name":"Plan d&rsquo;acc\u00e8s"}]},{"@type":"WebSite","@id":"https:\/\/panicfactory.fr\/#website","url":"https:\/\/panicfactory.fr\/","name":"Panic Factory","description":"Oserez-vous affronter vos peurs?","publisher":{"@id":"https:\/\/panicfactory.fr\/#organization"},"potentialAction":[{"@type":"SearchAction","target":{"@type":"EntryPoint","urlTemplate":"https:\/\/panicfactory.fr\/?s={search_term_string}"},"query-input":"required name=search_term_string"}],"inLanguage":"fr-FR"},{"@type":"Organization","@id":"https:\/\/panicfactory.fr\/#organization","name":"Panic Factory","url":"https:\/\/panicfactory.fr\/","logo":{"@type":"ImageObject","inLanguage":"fr-FR","@id":"https:\/\/panicfactory.fr\/#\/schema\/logo\/image\/","url":"https:\/\/panicfactory.fr\/wp-content\/uploads\/2025\/04\/cropped-PFS4_logo_mini-h150-01.png","contentUrl":"https:\/\/panicfactory.fr\/wp-content\/uploads\/2025\/04\/cropped-PFS4_logo_mini-h150-01.png","width":192,"height":150,"caption":"Panic Factory"},"image":{"@id":"https:\/\/panicfactory.fr\/#\/schema\/logo\/image\/"}}]}},"_links":{"self":[{"href":"https:\/\/panicfactory.fr\/index.php\/wp-json\/wp\/v2\/pages\/228","targetHints":{"allow":["GET"]}}],"collection":[{"href":"https:\/\/panicfactory.fr\/index.php\/wp-json\/wp\/v2\/pages"}],"about":[{"href":"https:\/\/panicfactory.fr\/index.php\/wp-json\/wp\/v2\/types\/page"}],"author":[{"embeddable":true,"href":"https:\/\/panicfactory.fr\/index.php\/wp-json\/wp\/v2\/users\/1"}],"replies":[{"embeddable":true,"href":"https:\/\/panicfactory.fr\/index.php\/wp-json\/wp\/v2\/comments?post=228"}],"version-history":[{"count":8,"href":"https:\/\/panicfactory.fr\/index.php\/wp-json\/wp\/v2\/pages\/228\/revisions"}],"predecessor-version":[{"id":2401,"href":"https:\/\/panicfactory.fr\/index.php\/wp-json\/wp\/v2\/pages\/228\/revisions\/2401"}],"up":[{"embeddable":true,"href":"https:\/\/panicfactory.fr\/index.php\/wp-json\/wp\/v2\/pages\/215"}],"wp:attachment":[{"href":"https:\/\/panicfactory.fr\/index.php\/wp-json\/wp\/v2\/media?parent=228"}],"curies":[{"name":"wp","href":"https:\/\/api.w.org\/{rel}","templated":true}]}}